*m - 60 = 0. Let b be 4*(-4)/(-16)*m. What is the units digit of 25/b*1*-3?
5
Let v = 38 - 42. Let l(j) = -30*j + 36. What is the hundreds digit of l(v)?
1
Suppose -5*s = -3*n - 732 - 714, -n - 290 = -s. What is the units digit of s?
8
Suppose 0*p - 55 = -2*u - 3*p, -2*u = 4*p - 58. Let n = u + -18. Suppose -3*v - 72 = -3*s, 3*s = -2*s - n*v + 80. What is the tens digit of s?
2
Let x(m) = -m + 4. Let c be x(-4). What is the units digit of c/(-10) - -1 - (-209)/5?
2
Let f(o) = -o**3 + o**2 - 82. Let l be f(0). Let u = l - -139. What is the tens digit of u?
5
Let u(p) = -4*p - 46. Let c be u(-19). Let z = 2 + c. What is the units digit of z?
2
Let u(d) = -6*d**2 - 3 + 16*d**2 - 4*d + 7. Suppose 94*r = 95*r - 2. What is the units digit of u(r)?
6
Let o(g) = 15 - 11 + g + 16 - 2*g**2. Let b be o(6). Let y = b - -80. What is the units digit of y?
4
Let g(k) = k**3. Let y(t) = -3*t**3 - 7*t**2 + 4*t + 6. Suppose -2 = -3*z + 5*z. Let p(x) = z*y(x) - 4*g(x). What is the units digit of p(5)?
4
Let d = -2 - -1. Let h(b) = 8*b + 5. Let i(u) = -u + 1. Let z(p) = -h(p) + 6*i(p). What is the tens digit of z(d)?
1
Let j(a) = a**2 - 2*a + 2. Let n(f) = f**2 + 11*f + 3. Let v be n(-11). Let u be j(v). Suppose g = -2*g - x + 211, 370 = u*g - 2*x. What is the tens digit of g?
7
Suppose -2*m = -2, 0 = 3*f + 3*m - 9628 + 3922. What is the thousands digit of f?
1
What is the thousands digit of ((-76)/10)/(99/(-44550))?
3
What is the tens digit of (-10558)/(-6) - (-168)/(-63)?
5
What is the tens digit of 5*-172*(-24)/32?
4
Let c = -25 + 35. Suppose -g - 7 = -c. What is the units digit of (6/(-7))/(g/(-21))?
6
Let x be (2/(-2))/(-1) + (-4 - 195). Let f = x - -366. What is the tens digit of f?
6
Let r(v) = -12*v + 27. Let j(o) = -o**2 + 14*o - 47. Let w be j(10). What is the units digit of r(w)?
1
Let g be (13 + -4 + 8)*-3. Let a = -13 - g. What is the tens digit of a?
3
Let u(m) = 3*m**3 - 7*m**2 + 5*m - 4. Suppose 2*b - 1 = 5. What is the units digit of u(b)?
9
Suppose -21252 = -5*z - 9*p + 7*p, -z + p + 4249 = 0. What is the tens digit of z?
5
Let t = -44 - -20. What is the tens digit of ((-6)/5)/(t/320)?
1
Let r = -69 - -71. Suppose k - x - 2 - 14 = 0, r*x = 3*k - 47. What is the tens digit of k?
1
Let o be (0 + 3)/((-9)/(-75)). Let n = 28 - o. What is the units digit of 1/n + 272/12?
3
Suppose 6*y = 2*y - 16. What is the units digit of (-479)/(-7) - y/7?
9
Let t = -585 + 4693. What is the thousands digit of t?
4
Let y = 21 + 84. Suppose -c - y = -4*c. What is the units digit of c?
5
Let j(p) = 14*p**3. Let y be j(1). Suppose 2*i = 3*r + 10, 6 = 3*i - 2*r - y. Suppose -2*f + i = -4. What is the units digit of f?
6
Let h = 552 - 202. What is the tens digit of h?
5
Let z = 417 - -6047. What is the thousands digit of z?
6
Let s be (4/(-8))/(2/(-8)). Suppose -5*b - 19 = t, 2*t + 76 = -2*t + s*b. Let n = t + 42. What is the tens digit of n?
2
Let j(f) = 12*f**2 + 45*f - 440. What is the hundreds digit of j(8)?
6
Let h(o) = -o - 6. Let u be h(-5). Let t be (42 + 1 - u)*-1. Let l = 85 + t. What is the units digit of l?
1
Let c(q) = 19*q + 25. What is the hundreds digit of c(12)?
2
Let x(w) = 13*w - 59. What is the tens digit of x(20)?
0
Suppose 1 = q + 5*f, 0 = q - 2*f + 4*f - 1. Let s be 0 - 2/q - -36. Suppose -s = -3*c + c. What is the tens digit of c?
1
Let g = 168 + 56. Suppose 4*w - 8*w + g = 0. Suppose 0*x - 2*x + w = 0. What is the units digit of x?
8
What is the units digit of (-6)/(300/(-26170)) - (-14)/(-10)?
2
Let y(r) = -r**2 - 14*r - 9. Let z be y(-9). Suppose -10 = -d - g, -3*d - d + z = 2*g. Suppose -f - 3*f = -d. What is the units digit of f?
2
Let j(g) = g**2 - 22*g + 3. Let t be j(22). Suppose -t*d - 5*k + 7*k = -634, 5*d - 1054 = 2*k. What is the hundreds digit of d?
2
Suppose -3*m + 2*r = -10419, 65*m - r = 61*m + 13897. What is the hundreds digit of m?
4
Let d = 97 - 316. Let c = -121 - d. What is the units digit of c?
8
What is the tens digit of (-8)/14 - (451200/70)/(-10)?
4
Let i(z) be the first derivative of 7*z**2 + 8*z + 5. Let m be i(13). Suppose -5*n + m = 3*u, -6*n + 190 = -n - 3*u. What is the tens digit of n?
3
Suppose 3*b - 1166 = 5*j, -j - 334 = 2*b - 1120. What is the tens digit of b?
9
Let i be (4/(-3))/(1/(6/(-4))). Suppose -400 = -i*n - 2*n - 2*m, n = -5*m + 82. What is the tens digit of n?
0
Suppose u - 4*z + 14 = 1, -z - 11 = -5*u. Let j(q) = 0 - 4*q**2 + 3 + 6*q + u*q**2 + 0. What is the units digit of j(4)?
1
Let q(h) = -62*h**2 + 5*h + 11. Let u be q(-2). Let w = 395 + u. What is the hundreds digit of w?
1
Let s = -85 - -88. Suppose 5*y = s*m + 98, -m = -4*y + 4*m + 68. What is the units digit of y?
2
Let f = -6 - -10. Suppose 0 = -f*g - v - 15, v + 12 = -g - 2*v. Let d(c) = -3*c**3 - 4*c**2 - 3*c + 1. What is the units digit of d(g)?
5
Let h(m) = -39*m + 30. What is the hundreds digit of h(-5)?
2
Let h = -18 + 30. Let g(m) = -4*m - 10. Let s be g(h). Let f = 85 + s. What is the units digit of f?
7
Let u = 81 + -179. Let y = -16 - u. What is the units digit of y?
2
Suppose 3*r - h = -2*h + 7, 2*r - 1 = 3*h. Suppose -8*m + r = -22. Suppose 112 = m*v - 8. What is the tens digit of v?
4
Let t = 16 - 8. Suppose h - t + 4 = 0. Suppose p = 3*d + 44, -3*p + 7*d + 144 = h*d. What is the units digit of p?
0
Suppose -6*m + m + 5*l + 3710 = 0, 2*l - 3689 = -5*m. What is the units digit of m?
9
Suppose 3*n = 3, -4*i + 7 - 1 = -2*n. Suppose i*a - 6 = 7*w - 3*w, 3*a = w + 29. Let x = a + 18. What is the units digit of x?
9
Let s(w) = w**3 + w**2 - 2*w + 2. Let d be s(1). Suppose 2*g = -d*g + 168. What is the units digit of g?
2
Suppose 17*t + 1055 = 3010. What is the units digit of t?
5
Suppose -6*j + 140 = -j. Suppose -j*r + 20*r + 1768 = 0. What is the tens digit of r?
2
Let n = 13 - 11. Suppose 5*w - n = 18. Suppose 2*g = -a + 10 + 35, -a = -w*g - 33. What is the tens digit of a?
4
Suppose -14*z + 9*z + 4148 = 4*d, -4*z - 3*d = -3318. What is the tens digit of z?
2
Let b = -18 - -25. Let t(l) = 6*l - 8 + 5 + b*l + 2*l. What is the units digit of t(2)?
7
Let q(s) be the first derivative of 8*s**2 + 2*s + 1. What is the units digit of q(3)?
0
Let x(m) = -m**2 - 3*m + 9. Let v be x(-5). What is the units digit of (-1)/v - 18/(-6)?
4
Let i = 5 - 5. Suppose -775 = -i*c - 5*c. What is the tens digit of c?
5
Let d = -33 + 40. Suppose -213 = d*p - 773. What is the units digit of p?
0
Suppose 8 = -4*d - 4*t - 0*t, -5*t - 25 = 0. Let q(v) = -v**3 + 4*v**2 + v - 4. Let b be q(d). What is the tens digit of (6 - b) + 5*6?
2
Suppose -17*q = -23*q. Suppose 4*f = 2*z + 32, -z + 3 - 1 = q. What is the units digit of f?
9
Let d = 67 + 3373. What is the tens digit of d?
4
Suppose -c - 3*c = 180. Suppose 3*f = -f + 264. Let z = f + c. What is the units digit of z?
1
Let d(h) = 4*h**2 - 4*h - 7. Let x(u) = 3*u**2 - 4*u - 6. Let o(q) = 5*d(q) - 6*x(q). What is the units digit of o(-7)?
1
Let a = 1519 + -396. What is the tens digit of a?
2
Let h(k) = 40*k**2 - 12*k + 76. What is the thousands digit of h(7)?
1
What is the hundreds digit of 210/10*((-134)/(-6))/1?
4
Let u(k) = 5*k**2 + 4*k - 32. What is the units digit of u(-7)?
5
Suppose 4*r - 12*r + 88 = 0. Suppose 5*o = 4*o + r. Let d = o - -20. What is the units digit of d?
1
What is the units digit of (-5317)/(-9) + (32/9)/16?
1
Let y(b) = b**3 + 6*b**2 + 8. Let w be y(-6). Let k be 567/(-14)*w/(-6). What is the units digit of 284/18 - (-12)/k?
6
Suppose 82*i = 87*i - 390. What is the tens digit of i?
7
Let b(w) be the second derivative of -17*w**4/6 + w**2/2 - 3*w. Let r be b(-1). Let t = -23 - r. What is the units digit of t?
0
Suppose 0 = 2*u + 104 - 318. Suppose 3 = -o - 5*y + 5, -3*y + u = -4*o. Let t = 33 + o. What is the units digit of t?
0
Let a(q) = -q**3 + 3*q + 2. Let k be a(-2). Suppose k*z + 29 = 133. What is the tens digit of z?
2
Let s(o) be the third derivative of 5*o**4/24 - 5*o**3/3 + o**2. Suppose 0 = -3*c - 3*n + 30, 0 = 2*c + 3*c - 4*n - 14. What is the tens digit of s(c)?
2
Let j(f) = f**3 - 4*f**2 - 15*f - 5. Let k be j(7). What is the units digit of k - (0 + -4 + 4)?
7
Let f(o) = -o + 37*o**2 - 2270 + 2270. What is the hundreds digit of f(2)?
1
Suppose 0 = 2*x - 8, -12*x + 548 = j - 15*x. What is the hundreds digit of j?
5
Let q be 3*(-2 + 1/1). Let m(a) = 2 + 1 + 2*a**3 - 4*a**3 